*2 - 11*n. Let a(d) = v*z(d) - 2*u(d). What is a(-1)?
-1
Let l(k) be the first derivative of k**2 + 3*k - 1. Suppose 1 = -0*d + d. Suppose -v - 1 = d, 5*s = 4*v - 2. Calculate l(s).
-1
Suppose -2*b = 2*b - 12. Suppose -3*g - b*o - 6 = 0, o = 5*g + 2*o + 14. Let m(s) = -3 + s + s - 3*s - s. Calculate m(g).
3
Let y(x) = 2*x - 22 - 3*x**3 + 23 + x**3 + x**3. What is y(-3)?
22
Let m(d) = d**2 - 6*d + 4. Suppose 0 = 3*b + 3 - 18. Determine m(b).
-1
Let r(h) be the second derivative of h**3/6 + h**2/2 + 3*h. Let u(t) = -5*t - 7. Let y(j) = 6*r(j) + u(j). Determine y(-4).
-5
Let g(h) = h - 2. Suppose 2*z - 14 = 2*o, -2*o = -5*z + 6 + 20. Let v be g(z). Suppose 4 = -v*i + i. Let t(n) = n**3 + 5*n**2 + 5*n + 5. Determine t(i).
1
Suppose -17 = a - 3*w, 3*a + 2*w + 2*w - 14 = 0. Let d(t) = t**3 + t**2 - t + 2. Determine d(a).
0
Let h(j) be the third derivative of -j**5/60 + j**3/6 - j**2. Let g(w) = -7*w**2 - 3*w + 10. Let f(i) = -g(i) + 6*h(i). Calculate f(-4).
0
Let j(n) = -6 - n + 1 + 0 + 0*n. Suppose 6*v + 14 = -22. Give j(v).
1
Let d be ((-9)/(-6))/(3/4). Let n(k) = -3*k + 2*k - k + 3*k - 4*k**d. What is n(-1)?
-5
Let l(z) be the first derivative of z**3/3 - 2*z**2 + 2*z - 2. What is l(5)?
7
Let n(v) = 9*v - 5. Let k(w) = -14*w + 8. Let q(j) = -5*k(j) - 8*n(j). Determine q(-5).
10
Let j(i) = -8*i**3 - i**2 + i - 1. Suppose -4*x + 20 = x, 0 = 3*u + 5*x - 23. What is j(u)?
-9
Let i(y) = 2*y + 0*y + 16 + 22 - 42 - y**2. Calculate i(3).
-7
Let z(c) = c**3 + c**2 + 5. Let j(p) be the second derivative of -3*p**5/20 - p**4/3 - p**3/6 - 8*p**2 - 4*p. Let g(y) = -2*j(y) - 7*z(y). Determine g(2).
-3
Let x(o) be the second derivative of 1/3*o**3 + 0 - 1/12*o**4 + o + 0*o**2. What is x(3)?
-3
Let r(g) = -17*g**3 - 2*g**2 + 2*g - 1. Let t(s) = -s**3 + 6*s**2 - 6*s + 6. Let w be t(5). Determine r(w).
-18
Suppose -8 = -2*u - 0*u. Suppose -2*p = -u*p. Let c(j) = -j + 1. Calculate c(p).
1
Let r(v) = -7*v. Let w be -6 - 1*(0 - 0). Let p = w + 7. Give r(p).
-7
Let o(x) = -x - 1. Let j(k) = -6*k - 11. Let n(r) = -j(r) + 4*o(r). What is n(-6)?
-5
Suppose 7*u = 3*u - 12. Let d(f) = -f**3 - 2*f**2 + 3*f - 4. Calculate d(u).
-4
Let s be (12/(-10))/(3/(-10)). Let p(a) = s + a + 1 - a**2 - 6 + a**3. Calculate p(1).
0
Suppose 5 = -t + 2. Let f(p) = -6*p**3 - p**2 + 3*p - 5. Let n(g) = 7*g**3 + 2*g**2 - 3*g + 6. Let o(u) = t*n(u) - 4*f(u). Give o(2).
12
Let d(g) be the third derivative of -g**5/60 + g**4/6 + g**3/3 + 2*g**2 - 3. What is d(4)?
2
Let o(s) = -2*s**3 - s**2 + 2*s - 1. Suppose -12*m + 16*m + 8 = 0. Give o(m).
7
Let i(r) = -2*r - 1 - 2 + 1 + 0*r. Determine i(-6).
10
Suppose -2*j + 4*j - 6 = 0. Let r(z) = -z**2 + 2*z + 3. Give r(j).
0
Let o(g) = -g**2 - 10*g - 5. Let w be o(-9). Let s(a) = -a**2 + 5*a - 3. Calculate s(w).
1
Let t(p) = -4*p**3 - p**2 - 2*p - 7. Let m(v) = -5*v**3 - v - 8. Let y(n) = -3*m(n) + 4*t(n). Suppose -3*c + 6*x - 3*x = 0, 3*c + 2*x + 15 = 0. Calculate y(c).
2
Let s be 28/(-4)*(5 + -4). Let u(h) = h + 10. Determine u(s).
3
Suppose -5*h = 5*z + 25, 4*h + 20 = -2*z + 4. Let u = -3 - h. Let t(v) = -v**2 + u*v - 3*v + 0*v**2 - 2. What is t(-3)?
-2
Let l(y) = y**2 - y. Let u(o) = -2*o**2 - 5*o + 4. Let h(a) = 3*l(a) + u(a). What is h(4)?
-12
Let q(z) = z**3 + 9*z**2 + 8*z + 3. Suppose j = -0*j + 1. Let r(b) = b**2 + b. Let l(y) = j*q(y) - 4*r(y). Calculate l(-4).
3
Let r(q) = q**3 - 4*q**2 + q + 3. Let j be -4*(-3)/(-6)*1. Let k be 1 - 0 - (j - 0). Let b be r(k). Let o(s) = s - 4. What is o(b)?
-7
Suppose 4*o - 4 = 3*o. Let r(n) = n**2 + n + 1. Calculate r(o).
21
Let l(s) = -s**2 + 1459*s - 1459*s. What is l(1)?
-1
Let i(a) = -a - 6. Let w = -93 + 87. What is i(w)?
0
Let w(g) be the second derivative of 1/2*g**3 + 1/20*g**5 - 3*g + 1/4*g**4 + 3/2*g**2 + 0. What is w(-3)?
-6
Let l(p) = -3*p - 2. Suppose 6*n + 13 = 1. Determine l(n).
4
Let g(r) = 2*r**2 - 7*r + 7. Let v(t) = -t**2 + 3*t - 4. Let y(n) = 3*g(n) + 7*v(n). Calculate y(0).
-7
Let y(t) = -t**2 + 5*t - 5. Let l = 4 + -8. Let m = -1 - l. Let c be (5 - 3) + -1 + m. What is y(c)?
-1
Let n be 4*215/180 + (-4)/(-18). Let f(q) = q**3 - 5*q**2 + q + 4. Calculate f(n).
9
Let y(g) = 3*g - 3. Let n(h) = -h + 1. Let o(v) = 2*n(v) + y(v). Calculate o(-5).
-6
Let t(y) = 21*y**2 + 8*y + 12. Let l(p) = -4*p**2 - 1. Let s(f) = -5*l(f) - t(f). Let r(u) = -u**2 + u - 1. Let c be r(-2). Determine s(c).
0
Let t(v) = -v**3 + v**2 + 2*v - 3. Let j be t(0). Let k(i) = -2*i. Calculate k(j).
6
Let u(r) = r**2 + 3*r - 5. Let i(h) = -3*h**2 - 5*h + 11. Let v(a) = -2*i(a) - 5*u(a). Suppose 28 = 12*l - 20. What is v(l)?
-1
Let d(v) = -v**3 + 6*v**2 - 5*v. Let q be 2/(12/8 + -1). What is d(q)?
12
Let u(f) = -3*f**2 - 2*f - 3. Let y be -4 + 6 + 3 - 7. Calculate u(y).
-11
Suppose 0 = -3*w + 7*w. Let x(i) = -i**2 + w*i - 3*i - 3 + 2*i + 2. What is x(-1)?
-1
Let i(t) be the first derivative of 1/4*t**5 + 1/3*t**3 - 3*t - 1/6*t**4 - 1/2*t**2 + 2. Let b(a) be the first derivative of i(a). Give b(1).
4
Suppose 2 + 4 = -q. Let a(k) = -5*k**2 + 4*k**2 + 3*k - 10*k. Give a(q).
6
Let u(n) = -6 + 70*n - 71*n + 2. Give u(-10).
6
Let p be 2/(-1) - 5/(-1). Let f(x) = x - p - 3 + 0. Let q be 0*(-6 - 0)/6. What is f(q)?
-6
Let a be (-2)/4 - (-1)/(-2). Let q = a - -1. Let j(w) = w**3 - w - 3. Calculate j(q).
-3
Let c = 12 + -1. Let v = c - 7. Let m(r) = -3*r + r**3 - 6*r**2 - v*r**3 + 2*r**3 + 7. Give m(-5).
-3
Suppose -2*k = -3 - 5. Suppose 0 = -k*d - 16 + 4. Let g(v) = 8*v**2 - 4*v - 4. Let w(c) = -7*c**2 + 3*c + 3. Let f(s) = -6*g(s) - 7*w(s). Calculate f(d).
3
Let h(q) = -q**3 - 3*q**2 + 6*q + 1. Suppose 2 = -5*u - 98. Let o be 12/u + 54/(-10). Let v = o - -2. What is h(v)?
-7
Let k(s) = -s + 8. Let p(d) = d**3 - 5*d**2 - 6*d. Let f be p(6). Give k(f).
8
Suppose -8*k = -5*k. Suppose r - 5*v - 4 = k, -7 - 13 = -5*r + 2*v. Let d(s) = -s**3 + 4*s**2 - 3*s + 2. Give d(r).
-10
Let n = -38 + 44. Let p(k) = -k**2 + 8*k + 1. Calculate p(n).
13
Suppose 0*r = h + r - 1, -2*h = -5*r - 9. Let l(p) = 3 - 6 - 2 + 3 - 2*p - p**h. What is l(-3)?
-5
Suppose -5*w + 2*l = 148, -2*w - w = 4*l + 94. Let i be (-2)/(-5) + (-78)/w. Let z(a) = -a - 2. Give z(i).
-5
Let i(n) = -n - 4. Suppose -3*g + 4*z - 8 = -0*z, -3*z + 1 = -g. Let a = g - -16. Suppose 0 = p + 2*x + 4, -p - a = 2*p + 5*x. What is i(p)?
0
Let h(p) = -p + 7*p - 2*p - 2*p + 13. Let s be h(-9). Let r(x) = 3*x + 4. What is r(s)?
-11
Let x(h) = -h**3 + 8*h**2 + h - 6. Let b be x(8). Let q(k) = 5 + 7*k - 3*k**2 - 2*k**2 + 5*k**2 + k**b. Give q(-5).
-5
Let r(g) be the first derivative of 3*g**2 + 3*g**2 - 3 - 5*g**2. What is r(3)?
6
Let b(f) = 5*f**3 - 2*f**2 + f - 2. Let o(w) = -4*w**3 + w**2 - w + 1. Let n(i) = -3*b(i) - 4*o(i). Calculate n(-2).
0
Suppose -3*d - 50 = 2*d. Let n = -5 - d. Let g(b) = -b**2 + 0 + 1 - n. Calculate g(0).
-4
Let t(p) = -3*p**2 + 2*p + 2. Let g be (-5)/(-2) - 11/22. Determine t(g).
-6
Let w(r) = -r**2 + 3*r - 1. Let k be (-7 - -8)/(-1 - (-4)/3). Give w(k).
-1
Let m = 4 + -2. Suppose 0*x - m*x + 10 = 0. Let g(c) = c - 6. What is g(x)?
-1
Suppose -4*b - 2*q = -2, -6 = 3*q + 3. Let a(c) = -c + 2. What is a(b)?
0
Let i(b) = 10*b**2 - 19*b + 10. Let g(z) = 3*z**2 - 6*z + 3. Let t(x) = -7*g(x) + 2*i(x). Suppose 4*u + 3*d = 6, -4*u - 4*d = -0*u - 4. What is t(u)?
2
Let n(d) = -5*d**2 + 2*d. Let p(y) = -y + 1. Let i be p(-3). Let f(h) = 3*h**2 - h. Let t(q) = i*n(q) + 7*f(q). Let x be 2 + (0 - (0 + 0)). Calculate t(x).
6
Suppose -4*f = -73 + 1. Suppose 0 = 6*z - 3*z + f. Let a be 9/2 - 3/z. Let k(p) = p**3 - 5*p**2 - p + 1. Calculate k(a).
-4
Let i(v) = 12 + 62*v**3 - 31*v**3 - 30*v**3. What is i(0)?
12
Let w be (-1 + 3*-1)/1. Let n(y) = -y - 4. Let f(l) = -l - 3. Let b(u) = 3*f(u) - 4*n(u). Determine b(w).
3
Let p = 3 - 1. Let i(h) = p + h - 2 - 2*h. Give i(-5).
5
Let w(v) = -v**3 + 5*v**2 - 4*v + 2. Let b(q) = 3*q - 3. Let p be b(2). Suppose 3*s - 6*d - 35 = -2*d, p*s = -3*d. Suppose -3 = -s*g + 7. Determine w(g).
6
Let q(l) = l**3 - 9*l**2 + 10*l + 2. Let p(y) = y**3 + 6*y**2 - 2*y + 43. Let z be p(-7). Give q(z).
18
Let c(u) = -u**3 - 3*u**2 - 2*u - 3. Let y be (-5)/((-15)/(-9)) + 1. What is c(y)?
-3
Let z(j) = -j**3 + 2*j**2 + 5*j - 4. Let f(i) = i**2 + 3*i - 3. Let k be f(-2). Let b = -2 - k. Give z(b).
2
Let s(a) = 3*a**2 + 1. Let d(g) = -g - 5. Let n be d(-9). Supp